[INFO] fetching crate binread_derive 1.1.0...
[INFO] checking binread_derive-1.1.0 against try#72f88fc4e9458f89516a0b8b0868f3718aec5b47 for pr-74989
[INFO] extracting crate binread_derive 1.1.0 into /workspace/builds/worker-3/source
[INFO] validating manifest of crates.io crate binread_derive 1.1.0 on toolchain 72f88fc4e9458f89516a0b8b0868f3718aec5b47
[INFO] running `Command { std: "/workspace/cargo-home/bin/cargo" "+72f88fc4e9458f89516a0b8b0868f3718aec5b47" "read-manifest" "--manifest-path" "Cargo.toml", kill_on_drop: false }`
[INFO] started tweaking crates.io crate binread_derive 1.1.0
[INFO] finished tweaking crates.io crate binread_derive 1.1.0
[INFO] tweaked toml for crates.io crate binread_derive 1.1.0 written to /workspace/builds/worker-3/source/Cargo.toml
[INFO] running `Command { std: "/workspace/cargo-home/bin/cargo" "+72f88fc4e9458f89516a0b8b0868f3718aec5b47" "generate-lockfile" "--manifest-path" "Cargo.toml" "-Zno-index-update", kill_on_drop: false }`
[INFO] running `Command { std: "/workspace/cargo-home/bin/cargo" "+72f88fc4e9458f89516a0b8b0868f3718aec5b47" "fetch" "--locked" "--manifest-path" "Cargo.toml", kill_on_drop: false }`
[INFO] running `Command { std: "docker" "create" "-v" "/var/lib/crater-agent-workspace/builds/worker-3/target:/opt/rustwide/target:rw,Z" "-v" "/var/lib/crater-agent-workspace/builds/worker-3/source:/opt/rustwide/workdir:ro,Z" "-v" "/var/lib/crater-agent-workspace/cargo-home:/opt/rustwide/cargo-home:ro,Z" "-v" "/var/lib/crater-agent-workspace/rustup-home:/opt/rustwide/rustup-home:ro,Z" "-e" "SOURCE_DIR=/opt/rustwide/workdir" "-e" "CARGO_TARGET_DIR=/opt/rustwide/target" "-e" "CARGO_HOME=/opt/rustwide/cargo-home" "-e" "RUSTUP_HOME=/opt/rustwide/rustup-home" "-w" "/opt/rustwide/workdir" "-m" "1610612736" "--user" "0:0" "--network" "none" "rustops/crates-build-env@sha256:d92eaeed33fa75130ca1ee6c8a01d1ffb62bac859dfdfb3450e3e5d1c0146529" "/opt/rustwide/cargo-home/bin/cargo" "+72f88fc4e9458f89516a0b8b0868f3718aec5b47" "metadata" "--no-deps" "--format-version=1", kill_on_drop: false }`
[INFO] [stdout] 2b307767a0d70ffc2a811fcf0f25b55532fcb724d36ec534eafc37028a45648c
[INFO] [stderr] WARNING: Your kernel does not support swap limit capabilities or the cgroup is not mounted. Memory limited without swap.
[INFO] running `Command { std: "docker" "start" "-a" "2b307767a0d70ffc2a811fcf0f25b55532fcb724d36ec534eafc37028a45648c", kill_on_drop: false }`
[INFO] running `Command { std: "docker" "inspect" "2b307767a0d70ffc2a811fcf0f25b55532fcb724d36ec534eafc37028a45648c", kill_on_drop: false }`
[INFO] running `Command { std: "docker" "rm" "-f" "2b307767a0d70ffc2a811fcf0f25b55532fcb724d36ec534eafc37028a45648c", kill_on_drop: false }`
[INFO] [stdout] 2b307767a0d70ffc2a811fcf0f25b55532fcb724d36ec534eafc37028a45648c
[INFO] running `Command { std: "docker" "create" "-v" "/var/lib/crater-agent-workspace/builds/worker-3/target:/opt/rustwide/target:rw,Z" "-v" "/var/lib/crater-agent-workspace/builds/worker-3/source:/opt/rustwide/workdir:ro,Z" "-v" "/var/lib/crater-agent-workspace/cargo-home:/opt/rustwide/cargo-home:ro,Z" "-v" "/var/lib/crater-agent-workspace/rustup-home:/opt/rustwide/rustup-home:ro,Z" "-e" "SOURCE_DIR=/opt/rustwide/workdir" "-e" "CARGO_TARGET_DIR=/opt/rustwide/target" "-e" "CARGO_INCREMENTAL=0" "-e" "RUST_BACKTRACE=full" "-e" "RUSTFLAGS=--cap-lints=forbid" "-e" "CARGO_HOME=/opt/rustwide/cargo-home" "-e" "RUSTUP_HOME=/opt/rustwide/rustup-home" "-w" "/opt/rustwide/workdir" "-m" "1610612736" "--user" "0:0" "--network" "none" "rustops/crates-build-env@sha256:d92eaeed33fa75130ca1ee6c8a01d1ffb62bac859dfdfb3450e3e5d1c0146529" "/opt/rustwide/cargo-home/bin/cargo" "+72f88fc4e9458f89516a0b8b0868f3718aec5b47" "check" "--frozen" "--all" "--all-targets" "--message-format=json", kill_on_drop: false }`
[INFO] [stdout] ef0c31abfa218b97e7dc0390cec5d9e2d664f9def192b5b63e27133f1bb91a54
[INFO] [stderr] WARNING: Your kernel does not support swap limit capabilities or the cgroup is not mounted. Memory limited without swap.
[INFO] running `Command { std: "docker" "start" "-a" "ef0c31abfa218b97e7dc0390cec5d9e2d664f9def192b5b63e27133f1bb91a54", kill_on_drop: false }`
[INFO] [stderr]    Compiling syn v1.0.40
[INFO] [stderr]     Checking unicode-xid v0.2.1
[INFO] [stderr]     Checking proc-macro2 v1.0.21
[INFO] [stderr]     Checking quote v1.0.7
[INFO] [stderr]     Checking binread_derive v1.1.0 (/opt/rustwide/workdir)
[INFO] [stdout] error[E0433]: failed to resolve: could not find `binread` in `{{root}}`
[INFO] [stdout]  --> tests/derive.rs:3:10
[INFO] [stdout]   |
[INFO] [stdout] 3 | #[derive(BinRead)]
[INFO] [stdout]   |          ^^^^^^^ could not find `binread` in `{{root}}`
[INFO] [stdout]   |
[INFO] [stdout]   = note: this error originates in a derive macro (in Nightly builds, run with -Z macro-backtrace for more info)
[INFO] [stdout] 
[INFO] [stdout] 
[INFO] [stdout] error[E0433]: failed to resolve: could not find `binread` in `{{root}}`
[INFO] [stdout]  --> tests/derive.rs:3:10
[INFO] [stdout]   |
[INFO] [stdout] 3 | #[derive(BinRead)]
[INFO] [stdout]   |          ^^^^^^^ not found in `binread::io`
[INFO] [stdout]   |
[INFO] [stdout]   = note: this error originates in a derive macro (in Nightly builds, run with -Z macro-backtrace for more info)
[INFO] [stdout] help: consider importing this trait
[INFO] [stdout]   |
[INFO] [stdout] 1 | use std::io::Seek;
[INFO] [stdout]   |
[INFO] [stdout] 
[INFO] [stdout] 
[INFO] [stdout] error[E0433]: failed to resolve: could not find `binread` in `{{root}}`
[INFO] [stdout]  --> tests/derive.rs:3:10
[INFO] [stdout]   |
[INFO] [stdout] 3 | #[derive(BinRead)]
[INFO] [stdout]   |          ^^^^^^^ not found in `binread::io`
[INFO] [stdout]   |
[INFO] [stdout]   = note: this error originates in a derive macro (in Nightly builds, run with -Z macro-backtrace for more info)
[INFO] [stdout] help: consider importing this enum
[INFO] [stdout]   |
[INFO] [stdout] 1 | use std::io::SeekFrom;
[INFO] [stdout]   |
[INFO] [stdout] 
[INFO] [stdout] 
[INFO] [stdout] error: aborting due to 3 previous errors
[INFO] [stdout] 
[INFO] [stdout] 
[INFO] [stdout] For more information about this error, try `rustc --explain E0433`.
[INFO] [stdout] 
[INFO] [stderr] error: could not compile `binread_derive`.
[INFO] [stderr] 
[INFO] [stderr] To learn more, run the command again with --verbose.
[INFO] running `Command { std: "docker" "inspect" "ef0c31abfa218b97e7dc0390cec5d9e2d664f9def192b5b63e27133f1bb91a54", kill_on_drop: false }`
[INFO] running `Command { std: "docker" "rm" "-f" "ef0c31abfa218b97e7dc0390cec5d9e2d664f9def192b5b63e27133f1bb91a54", kill_on_drop: false }`
[INFO] [stdout] ef0c31abfa218b97e7dc0390cec5d9e2d664f9def192b5b63e27133f1bb91a54
